*y - 1 = -3*y, 2*c - 4*y - 16 = 0. List the prime factors of c.
2, 5
What are the prime factors of (-53892)/(-144) - 1/4?
2, 11, 17
Suppose 4*s = -4*w + 144, -3*s - 5*w = -104 - 14. List the prime factors of s.
31
Suppose g - 41 = x - 4*x, -x = -g - 7. Suppose 2*n = r + 3*r - x, -15 = -5*r - n. List the prime factors of r.
3
Suppose 3 - 11 = -4*c. List the prime factors of 30/4 - 1/c.
7
Let o = 72 + -37. What are the prime factors of o?
5, 7
Let o(x) = x**2 + 3*x. Let w be o(-3). Suppose w = -2*n + n + 3. What are the prime factors of n?
3
Suppose -6*j + 2*j - 272 = -3*r, 0 = 5*r + 3*j - 434. What are the prime factors of r?
2, 11
Let u = 106 + -58. What are the prime factors of u?
2, 3
Let g be (2/(-4))/((-3)/(-6)). What are the prime factors of g - (-20)/(2 + 0)?
3
Let h be 2*2/(-8)*-10. Suppose -h*o - 1 = -16. What are the prime factors of o?
3
Suppose b + 0*t = 2*t + 44, 4*t = -2*b + 56. List the prime factors of b.
2, 3
Suppose 4*k = s + 1066, -2*s + 4*s + 1064 = 4*k. List the prime factors of k.
3, 89
Let u(z) = -4*z - 2. Suppose -41 + 11 = 5*a. Let l be u(a). Suppose l = -0*k + 2*k. What are the prime factors of k?
11
Suppose -h = 5*k + 22, 0*h - 5*h = 4*k + 26. What are the prime factors of h + 16 - 3/(-3)?
3, 5
Suppose -i + 3 = -14. Let c = i + -4. What are the prime factors of c?
13
What are the prime factors of (6/(-4))/((-3)/74)?
37
Let g be (-73)/(-1) - (-1)/1. Suppose 5*a + c = g, -5*c = 2*a + 2*a - 55. What are the prime factors of a?
3, 5
Let q(o) = 5*o + 2. Let j be q(5). Suppose -3*m + 3*i + j = -0*m, 0 = -4*m - 3*i + 43. List the prime factors of m.
2, 5
Suppose -2*s = -u - 5*s + 36, 5*s - 230 = -5*u. What are the prime factors of u?
3, 17
Let c(y) = y**2 - 6*y - 13. Let t be c(9). Suppose 3*p - 4*j = j + 37, 2*p + 2*j - t = 0. What are the prime factors of p?
3
Let h be (3 - 2) + 0/(-2). Suppose 0 = 5*j + h - 31. List the prime factors of j.
2, 3
Let y(l) = -l**2 - 2*l. Let a be y(-4). Let g = 24 + a. Let d = g - 3. List the prime factors of d.
13
Let m(y) be the first derivative of y**2/2 + y + 2. List the prime factors of m(1).
2
Let v = 30 - 14. Let x = 9 - v. Let l = x - -17. List the prime factors of l.
2, 5
Let n be ((-1)/(-3)*0)/(-1). Suppose l - 3 = n, l + 9 = -5*r + 2. Let h(t) = -2*t + 1. What are the prime factors of h(r)?
5
Let v(t) = t**3 + 2*t**2 - 5*t - 3. Let a be v(-3). Suppose a*h + 2*h = -45. List the prime factors of h/6*16/(-3).
2
Suppose 2*s - s = -6. Let y = s - -13. Let o = -4 + y. What are the prime factors of o?
3
Let y = 9 + 0. Let q(n) = n**2 - 9*n - 5. Let m be q(y). Let t = 0 - m. List the prime factors of t.
5
Let a(c) = 7*c**3 - 3*c**2 + c + 2. List the prime factors of a(2).
2, 3
Suppose 8*c - 264 = 2*c. List the prime factors of c.
2, 11
Let m(y) = -4*y - 10. What are the prime factors of m(-14)?
2, 23
Let v = 2 - 2. Suppose -4*g - 4*o + 16 = 0, -g + v*o + 2*o - 8 = 0. Suppose g = -5*c + 3*m + 57, 5*m = c - 2*c + 17. List the prime factors of c.
2, 3
List the prime factors of (18 + -32)/((-2)/5).
5, 7
Let s(q) be the first derivative of q**4/24 - q**3/6 + 3*q**2/2 + 3. Let z(j) be the second derivative of s(j). List the prime factors of z(4).
3
Let d = -6 + 4. Let n be ((-65)/d)/(-5)*-4. Suppose -5*q = -106 + n. List the prime factors of q.
2
Let h(f) = -f**3 - 9*f**2 - 6*f + 9. Let a be h(-8). Let t = a + -17. Let i = t - -36. List the prime factors of i.
2, 3
Let u = 8 - -5. What are the prime factors of u?
13
What are the prime factors of ((-38)/10 + 3)/(8/(-1580))?
2, 79
Let u(z) = z**3 + 4*z**2 + 2. Let y be u(-4). What are the prime factors of (-2 + 4)*19/y?
19
Suppose 2*j = j - 5*z + 485, -z = -4. What are the prime factors of j/35 - (-2)/(-7)?
13
Let v = -12 + 12. Suppose -38 = -z - 4*o, -z - 2*o + o + 23 = v. What are the prime factors of z?
2, 3
List the prime factors of (-470)/(-90) - 3/((-54)/(-4)).
5
Let v(f) = -5*f + 103. List the prime factors of v(0).
103
Let z = -101 - -186. Let f = z + -46. What are the prime factors of f?
3, 13
Let b(z) = -4*z**3 + 2*z**2 + 13*z + 17. List the prime factors of b(-4).
11, 23
Let a(x) = 9*x - 6. Let z(w) = -5*w + 3. Let c(u) = -2*a(u) - 5*z(u). What are the prime factors of c(6)?
3, 13
Let k(w) = -w**3 + 5*w**2 + 8*w + 7. List the prime factors of k(-5).
7, 31
Let b = -10 + 18. Suppose 0 = -b*a + 3*a + 40. What are the prime factors of a?
2
Suppose -2*m - a + 1 + 2 = 0, -3*a = -2*m + 7. What are the prime factors of m?
2
List the prime factors of (1 - (-19)/(-4))/((-65)/2340).
3, 5
Suppose 11 = 2*i + 3. Suppose 4 = i*m - 84. What are the prime factors of m?
2, 11
Suppose 4*i = 77 + 7. What are the prime factors of i?
3, 7
Suppose 77 = 4*r + t - 26, 3*r = 3*t + 66. What are the prime factors of r?
5
Let k(s) = 7*s - 9. Let u(q) = 8*q - 10. Let g(o) = 5*k(o) - 4*u(o). What are the prime factors of g(8)?
19
Let z = -3 + 3. Let r be 1 + 0 - (z - 4). Suppose k + 2 = r. What are the prime factors of k?
3
Let t(v) = 8*v**2 - 5*v - 5. List the prime factors of t(-1).
2
Suppose -c = 3*c. Suppose 3*g + c*g + 15 = 0, -4*o = -5*g - 69. What are the prime factors of o?
11
Suppose -22 = -2*r + 26. Suppose -2*a + 5*n + r = n, -n + 21 = 4*a. List the prime factors of 16/a - 1/(-3).
3
List the prime factors of (-36)/24 + 74/4.
17
Let p = 4 + -3. Suppose m - 20 = -4*b, -3*m + 15 = 3*b - 0*m. Suppose 34 = b*g - p. What are the prime factors of g?
7
Let w(z) = -z**2 - z - 2. Let t be w(-1). What are the prime factors of (t - 1)/(3/(-5))?
5
List the prime factors of -5 + (-342)/(-66) + (-1274)/(-11).
2, 29
Suppose 2*b = 4*m - 10, -3*m + 3 = b - 7. Suppose u - m*u = 4. What are the prime factors of u/(2/21*-3)?
7
Suppose -c - 4 - 8 = 0. Let f = -30 - -59. Let q = f + c. List the prime factors of q.
17
Let c(w) = w**2 - 2*w - 1. List the prime factors of c(5).
2, 7
Let t = 1 + 1. Suppose 14 = -v - v - t*c, -2*v - 19 = 3*c. What are the prime factors of v + -2 + 2 + 13?
11
Suppose 33 = -3*q + 3*y, 4*q + 4*y + 10 = 2*q. Let u = 11 + q. What are the prime factors of u?
2
What are the prime factors of ((-43)/(-3))/((-5)/(-15))?
43
Let k = -3 - 8. Let s(o) = -o**2 - 13*o - 15. List the prime factors of s(k).
7
Let f(s) = s**2 + 3*s - 6. Let d be f(-5). Suppose -u - 3*c = c - 2, -d*u + c + 8 = 0. What are the prime factors of u?
2
Suppose -z = 3*z - 108. Suppose 2*a = -c - 0*a + z, 0 = -2*c + 2*a + 30. List the prime factors of c.
19
Suppose -4*s = 2*w + w + 70, 16 = -w - 5*s. List the prime factors of -1 - 1 - (-3 + w).
3
Let f = 3 - 5. Let q = 0 + f. List the prime factors of (10/8)/(q/(-8)).
5
Let o(m) = 3*m**2 - 6*m - 4. Let l be o(3). Let k(n) = -n**2 + 8*n + 6. List the prime factors of k(l).
3, 7
Let d(r) be the third derivative of r**5/60 - r**4/12 + r**3/6 - r**2. Let l be d(3). Let q = l - 2. What are the prime factors of q?
2
List the prime factors of (-12)/15 + (-818)/(-10).
3
Let f = -72 + 132. What are the prime factors of f?
2, 3, 5
Let v = 9 + -11. What are the prime factors of (-74)/v + 9/(-3)?
2, 17
Let w(h) = -h**3 - 8*h**2 - 8*h + 4. Suppose 7 = -t - 0. List the prime factors of w(t).
11
Suppose 1 = 3*j - 23. What are the prime factors of j/44 + 194/22?
3
Let u = 8 - 2. What are the prime factors of u?
2, 3
Suppose 0 = r - 5*v - 204 + 43, r - 164 = 2*v. List the prime factors of r.
2, 83
Suppose -3*b = -5*m + m + 22, -27 = 5*b + 3*m. Suppose 0 = 2*f + 4*x, 2*f + x = 14 + 1. Let j = b + f. List the prime factors of j.
2
Suppose 0 = q + 4*q - 570. What are the prime factors of q?
2, 3, 19
Let j(g) = -g**3 - 11*g**2 + 3*g + 9. Let w be j(-11). What are the prime factors of (-292)/w - (-1)/(-6)?
2, 3
List the prime factors of (-1 - -1) + (112 - (8 + -3)).
107
Let r be (-76)/(-6) + (-2)/3. Suppose 22*n - 16*n = 114. Let a = n - r. What are the prime factors of a?
7
Let d(q) = -11*q - 9. Let a(n) = -5*n - 4. Let t(r) = -9*a(r) + 4*d(r). Suppose -f + 3*f - 2*l = 0, -f = -5*l + 20. What are the prime factors of t(f)?
5
Suppose -5*o + 2*s = -96, 4*o - 69 = -s - 0*s. Let a = 84 - o. List the prime factors of ((-4)/(-6))/(4/a).
11
Let h(k) = -k - 4. Let d be h(-7). Suppose 0 = -3*a - 2*s + 17, 9 = -a + d*s - 0*s. What are the prime factors of a?
3
Let r = -5 + 8. List the prime factors of (-38)/(-3) + (-2)/r.
2, 3
Let n be 16*(2 - (-6)/(-4)). Suppose p - 